{"id":470,"date":"2024-06-06T15:21:29","date_gmt":"2024-06-06T22:21:29","guid":{"rendered":"http:\/\/staging.wearecreativewest.org\/?page_id=470"},"modified":"2024-09-12T10:36:32","modified_gmt":"2024-09-12T17:36:32","slug":"our-grantees","status":"publish","type":"page","link":"https:\/\/staging.wearecreativewest.org\/haw\/our-impact\/our-grantees\/","title":{"rendered":"\u02bbO k\u0101 m\u0101kou mau mea h\u0101\u02bbawi a me n\u0101 hoa"},"content":{"rendered":"","protected":false},"excerpt":{"rendered":"","protected":false},"author":2,"featured_media":0,"parent":464,"menu_order":0,"comment_status":"closed","ping_status":"closed","template":"","meta":{"_acf_changed":false,"footnotes":""},"class_list":["post-470","page","type-page","status-publish","hentry"],"acf":[],"yoast_head":"<!-- This site is optimized with the Yoast SEO plugin v27.2 - https:\/\/yoast.com\/product\/yoast-seo-wordpress\/ -->\n<title>Our Grantees &amp; Fellows - Creative West (formerly WESTAF)<\/title>\n<meta name=\"robots\" content=\"noindex, follow, max-snippet:-1, max-image-preview:large, max-video-preview:-1\" \/>\n<meta property=\"og:locale\" content=\"en_US\" \/>\n<meta property=\"og:type\" content=\"article\" \/>\n<meta property=\"og:title\" content=\"Our Grantees &amp; Fellows - Creative West (formerly WESTAF)\" \/>\n<meta property=\"og:url\" content=\"https:\/\/staging.wearecreativewest.org\/haw\/our-impact\/our-grantees\/\" \/>\n<meta property=\"og:site_name\" content=\"Creative West\" \/>\n<meta property=\"article:modified_time\" content=\"2024-09-12T17:36:32+00:00\" \/>\n<meta name=\"twitter:card\" content=\"summary_large_image\" \/>\n<meta name=\"twitter:label1\" content=\"Est. reading time\" \/>\n\t<meta name=\"twitter:data1\" content=\"1 minute\" \/>\n<script type=\"application\/ld+json\" class=\"yoast-schema-graph\">{\"@context\":\"https:\/\/schema.org\",\"@graph\":[{\"@type\":\"WebPage\",\"@id\":\"https:\/\/staging.wearecreativewest.org\/our-impact\/our-grantees\/\",\"url\":\"https:\/\/staging.wearecreativewest.org\/our-impact\/our-grantees\/\",\"name\":\"Our Grantees & Fellows - Creative West (formerly WESTAF)\",\"isPartOf\":{\"@id\":\"https:\/\/staging.wearecreativewest.org\/#website\"},\"datePublished\":\"2024-06-06T22:21:29+00:00\",\"dateModified\":\"2024-09-12T17:36:32+00:00\",\"breadcrumb\":{\"@id\":\"https:\/\/staging.wearecreativewest.org\/our-impact\/our-grantees\/#breadcrumb\"},\"inLanguage\":\"haw\",\"potentialAction\":[{\"@type\":\"ReadAction\",\"target\":[\"https:\/\/staging.wearecreativewest.org\/our-impact\/our-grantees\/\"]}]},{\"@type\":\"BreadcrumbList\",\"@id\":\"https:\/\/staging.wearecreativewest.org\/our-impact\/our-grantees\/#breadcrumb\",\"itemListElement\":[{\"@type\":\"ListItem\",\"position\":1,\"name\":\"Home\",\"item\":\"https:\/\/staging.wearecreativewest.org\/\"},{\"@type\":\"ListItem\",\"position\":2,\"name\":\"Our Impact\",\"item\":\"https:\/\/staging.wearecreativewest.org\/our-impact\/\"},{\"@type\":\"ListItem\",\"position\":3,\"name\":\"Our Grantees &#038; Fellows\"}]},{\"@type\":\"WebSite\",\"@id\":\"https:\/\/staging.wearecreativewest.org\/#website\",\"url\":\"https:\/\/staging.wearecreativewest.org\/\",\"name\":\"Creative West\",\"description\":\"\",\"alternateName\":\"Formerly WESTAF\",\"potentialAction\":[{\"@type\":\"SearchAction\",\"target\":{\"@type\":\"EntryPoint\",\"urlTemplate\":\"https:\/\/staging.wearecreativewest.org\/?s={search_term_string}\"},\"query-input\":{\"@type\":\"PropertyValueSpecification\",\"valueRequired\":true,\"valueName\":\"search_term_string\"}}],\"inLanguage\":\"haw\"}]}<\/script>\n<!-- \/ Yoast SEO plugin. -->","yoast_head_json":{"title":"\u02bbO k\u0101 m\u0101kou mau mea h\u0101\u02bbawi a me n\u0101 hoa - Creative West (WESTAF kahiko)","robots":{"index":"noindex","follow":"follow","max-snippet":"max-snippet:-1","max-image-preview":"max-image-preview:large","max-video-preview":"max-video-preview:-1"},"og_locale":"en_US","og_type":"article","og_title":"Our Grantees & Fellows - Creative West (formerly WESTAF)","og_url":"https:\/\/staging.wearecreativewest.org\/haw\/our-impact\/our-grantees\/","og_site_name":"Creative West","article_modified_time":"2024-09-12T17:36:32+00:00","twitter_card":"summary_large_image","twitter_misc":{"Est. reading time":"1 minute"},"schema":{"@context":"https:\/\/schema.org","@graph":[{"@type":"WebPage","@id":"https:\/\/staging.wearecreativewest.org\/our-impact\/our-grantees\/","url":"https:\/\/staging.wearecreativewest.org\/our-impact\/our-grantees\/","name":"\u02bbO k\u0101 m\u0101kou mau mea h\u0101\u02bbawi a me n\u0101 hoa - Creative West (WESTAF kahiko)","isPartOf":{"@id":"https:\/\/staging.wearecreativewest.org\/#website"},"datePublished":"2024-06-06T22:21:29+00:00","dateModified":"2024-09-12T17:36:32+00:00","breadcrumb":{"@id":"https:\/\/staging.wearecreativewest.org\/our-impact\/our-grantees\/#breadcrumb"},"inLanguage":"haw","potentialAction":[{"@type":"ReadAction","target":["https:\/\/staging.wearecreativewest.org\/our-impact\/our-grantees\/"]}]},{"@type":"BreadcrumbList","@id":"https:\/\/staging.wearecreativewest.org\/our-impact\/our-grantees\/#breadcrumb","itemListElement":[{"@type":"ListItem","position":1,"name":"Home","item":"https:\/\/staging.wearecreativewest.org\/"},{"@type":"ListItem","position":2,"name":"Our Impact","item":"https:\/\/staging.wearecreativewest.org\/our-impact\/"},{"@type":"ListItem","position":3,"name":"Our Grantees &#038; Fellows"}]},{"@type":"WebSite","@id":"https:\/\/staging.wearecreativewest.org\/#website","url":"https:\/\/staging.wearecreativewest.org\/","name":"Creative Komohana","description":"","alternateName":"Formerly WESTAF","potentialAction":[{"@type":"SearchAction","target":{"@type":"EntryPoint","urlTemplate":"https:\/\/staging.wearecreativewest.org\/?s={search_term_string}"},"query-input":{"@type":"PropertyValueSpecification","valueRequired":true,"valueName":"search_term_string"}}],"inLanguage":"haw"}]}},"_links":{"self":[{"href":"https:\/\/staging.wearecreativewest.org\/haw\/wp-json\/wp\/v2\/pages\/470","targetHints":{"allow":["GET"]}}],"collection":[{"href":"https:\/\/staging.wearecreativewest.org\/haw\/wp-json\/wp\/v2\/pages"}],"about":[{"href":"https:\/\/staging.wearecreativewest.org\/haw\/wp-json\/wp\/v2\/types\/page"}],"author":[{"embeddable":true,"href":"https:\/\/staging.wearecreativewest.org\/haw\/wp-json\/wp\/v2\/users\/2"}],"replies":[{"embeddable":true,"href":"https:\/\/staging.wearecreativewest.org\/haw\/wp-json\/wp\/v2\/comments?post=470"}],"version-history":[{"count":39,"href":"https:\/\/staging.wearecreativewest.org\/haw\/wp-json\/wp\/v2\/pages\/470\/revisions"}],"predecessor-version":[{"id":22049,"href":"https:\/\/staging.wearecreativewest.org\/haw\/wp-json\/wp\/v2\/pages\/470\/revisions\/22049"}],"up":[{"embeddable":true,"href":"https:\/\/staging.wearecreativewest.org\/haw\/wp-json\/wp\/v2\/pages\/464"}],"wp:attachment":[{"href":"https:\/\/staging.wearecreativewest.org\/haw\/wp-json\/wp\/v2\/media?parent=470"}],"curies":[{"name":"wp","href":"https:\/\/api.w.org\/{rel}","templated":true}]}}